(d) be the first derivative of -21*d**2/2 - 5*d + 7. Is i(-16) composite?
False
Let r = 366 + -89. Let i be (-2 - -4)*(-34)/(-4). Suppose 3*u - r = -5*h, -u + 102 = -2*h + i. Is u a prime number?
True
Let q = 31 + -26. Suppose b - 5456 = -8*x + q*x, -x = 3*b - 1832. Is x a prime number?
False
Suppose 24 = 3*v - 0. Let o(s) = 8*s**2 + s + 7. Let n(j) = -7*j**2 + j - 7. Let d(m) = -5*n(m) - 4*o(m). Is d(v) a prime number?
True
Let l(n) = -3*n - 9*n**2 + 10*n**3 + 10*n**2 - 21 + 6*n + 4*n. Is l(6) composite?
True
Suppose 4*h - 2*h - 2489 = -3*n, n = -4*h + 4993. Is h prime?
True
Suppose 0 = -2*d + 3*f + 123994, 12*f - 123990 = -2*d + 16*f. Is d prime?
True
Let f(o) = -o**2 - 11*o - 17. Suppose 2*i + 10 + 10 = m, 0 = -4*i. Suppose 3*w = -15, 2*p - 7*p + 3*w - m = 0. Is f(p) composite?
False
Suppose -3*h - v = -41252, -8883 = -h + 3*v + 4871. Is h a prime number?
True
Let q be 2/((-1)/(-28 - 1)). Let p = 221 - q. Is p a composite number?
False
Let k = 0 - -3. Suppose 0 = 4*j - 5*h - 532, 0 = h - 7 + k. Suppose f - 3*f = -j. Is f composite?
True
Suppose 5*b + 3*s = 2*b + 69, -5*b + 3*s + 75 = 0. Is (-60)/b + 2 - 2396/(-6) composite?
True
Suppose 2*o - 5*o = -5*u + 10024, -3*o - 6018 = -3*u. Is u a composite number?
False
Is (-6)/33 + 1339575/275 a composite number?
False
Suppose 5*u = -5*d + 6685, 9*u - 2682 = 7*u + 2*d. Is u prime?
False
Let n(o) = -684*o - 11. Let z(t) = t - 6. Let a be z(1). Is n(a) prime?
False
Let a(g) = -g**2 - 8*g. Suppose -3*n - 2*n - 40 = 0. Let m be a(n). Suppose -d + 3*c + 50 = m, -3*d + 5*c = c - 155. Is d a prime number?
True
Let d(n) = -n + 8. Let c be d(5). Let g be (c - 3)/((-1)/(-1)). Let z = g - -3. Is z composite?
False
Let p be (-4)/(-8) + 46/(-4). Let u be 2/p - 94515/165. Is 6/(-2) - (u - 1) composite?
False
Suppose 159*a - 161*a - 216 = 0. Suppose -4*r + 3*z = -z - 632, 3*r = -3*z + 504. Let y = a + r. Is y a prime number?
False
Let h = -31 - -134. Let i = h + 230. Suppose 25 = -4*c + i. Is c prime?
False
Suppose 7*s + 3 = 38. Suppose 2*z - 5*i + 2710 = 4*z, 6713 = s*z - 3*i. Is z a prime number?
False
Let w(f) = -76*f + 9. Let d(n) = -2*n + 14. Let x be d(12). Is w(x) a composite number?
False
Suppose 11*p - 158130 = 44611. Is p a prime number?
False
Suppose 6*n - n - 1502 = -2*b, -4*n = -b + 725. Let w = b - 1038. Let c = -142 - w. Is c a prime number?
False
Let q(x) = x**2 + 3 - 9*x**2 - x**2 - 1641*x**3 + 6*x**2 + 2*x. Is q(-1) a composite number?
True
Let k(f) be the third derivative of f**6/120 - f**5/30 - f**4/12 + 3787*f**3/6 - 25*f**2 + f. Is k(0) a prime number?
False
Suppose -3*f = a - 0*f - 68, 0 = -5*a + 5*f + 260. Let c be (-2 - -1)*-3 + a. Suppose -c = -2*j + j. Is j prime?
True
Suppose -90*m = -59*m - 409727. Is m a composite number?
False
Let u(a) = 14*a - 6*a**2 - 2 + 12*a**3 - 10*a**3 - 3*a**3. Suppose j + j = -22. Is u(j) composite?
False
Let w(n) = -45*n**3 + 6*n**2 + 3*n + 4. Let h be w(-3). Let a(i) = -i**2 - 8*i - 8. Let q be a(-7). Is (q/(-2))/(4/h) composite?
True
Let a(m) = 214*m**2 + 8*m - 11. Is a(-5) a prime number?
False
Let m(u) = 2*u**2 + 7*u + 8. Let t be m(-4). Let q(p) = 5*p**2 - 34*p - 17. Is q(t) a prime number?
False
Let l = 7163 + -2174. Is l composite?
True
Let n = 5611 - -3870. Is n a prime number?
False
Let c(j) = 30*j**3 - j**2 - 25*j + 3. Is c(5) composite?
True
Let u(i) = i - 10. Let a be u(-6). Let x be (-2010)/(-8) + 4/a. Suppose -5*m + 1605 = 2*l, -1528 = -4*m - 3*l - x. Is m prime?
False
Let u = -32 + 32. Suppose s + u*s = 949. Suppose 0*b - 2*b - 3*k + 658 = 0, 3*b - s = 5*k. Is b composite?
True
Let k be (-32)/(-20)*(-15)/(-6). Let d be k/(-26) + (-504)/(-234). Suppose d*w + y - 1365 = 0, 4*w - 3*y - 3440 = -w. Is w prime?
False
Suppose -y = -120 - 49. Is y prime?
False
Is (1241622/(-36))/((-6)/4) prime?
True
Is ((-76)/(-20) - 4) + (-57472)/(-10) a composite number?
True
Suppose -3*c + 8*c - 20 = 0. Suppose 438 = c*a - 226. Is a composite?
True
Let v(h) = 65*h**2 - 20*h - 12. Let n be v(-10). Suppose -20324 + n = -4*p. Is p composite?
True
Let f = -79 - -71. Is f/16 - (-4257)/6 composite?
False
Suppose -10 - 2 = -3*o. Suppose b + o*b + 1041 = 3*i, -3*i = 3*b - 1041. Is i a prime number?
True
Let t(p) = p**3 + 7*p**2 + 6. Let m be t(-7). Suppose 2*j + 0*j = m. Suppose 10297 = j*g + 4*g. Is g a prime number?
True
Is 10*(-2)/(-20)*1607*7 a composite number?
True
Let k(x) = x**3 + 11*x**2 + 10*x + 4. Let v be k(-10). Suppose 15 - 513 = -2*j + v*h, 0 = 5*j + 3*h - 1232. Is j a prime number?
False
Let l(t) = 24*t**2 + 2*t + 29. Is l(7) prime?
False
Let y(h) = -h**3 + 8*h**2 + h - 3. Let a(g) be the first derivative of -g**2 + 3*g - 3. Let b be a(-2). Is y(b) prime?
True
Let l = 11304 - 6775. Is l composite?
True
Let r(w) = -2*w**2 - 6*w - 8. Let z(h) = -h**3 - 9*h**2 - 10. Let s be z(-9). Let t be r(s). Let u = t - -291. Is u prime?
False
Let k(a) = -3 + 194*a - 210*a + 18. Let o be k(-9). Suppose -3*i + 852 + o = 0. Is i a prime number?
True
Let y(t) = -7*t**3 - 3*t**2 + 6*t - 1. Let u be (15/6)/(1/(-2)). Is y(u) prime?
True
Suppose 0 = 5*h + 254 - 994. Let d = -11 - -7. Is (d/(-8))/(2/h) a composite number?
False
Suppose 5*f + 11 = s, -2*f + 14 - 40 = 2*s. Let n(w) = w**3 + 12*w**2 - 3*w + 21. Is n(s) a prime number?
False
Let s(i) = 33*i**2 + 11*i + 5. Is s(6) a composite number?
False
Is (-12 + -331 + -4)/((-1)/3) composite?
True
Suppose l - k = 2*l - 6, 4*l = -5*k + 26. Suppose 5*r + 18 = -l*p + 3*r, 2*p = 5*r + 9. Is 52 + -3 - p - -1 a composite number?
False
Let h(s) = s + 1. Let b be h(3). Suppose 8*q + 7 + 41 = 0. Is 310/b - q/(-12) composite?
True
Suppose -529 = -g - 3*d, 3*d - 8 = 5*d. Is g a composite number?
False
Suppose 4*r = -2*r + 306. Suppose 3*i + r + 12 = 0. Is (1106/i)/((-2)/3) a composite number?
False
Suppose 0 = -2*d - 6*d - 21816. Is 1/((-1)/d) + 2 a composite number?
False
Is (-42462)/(-28) - (-4)/8 prime?
False
Let w be (-438)/(-12)*-3*2. Is w/(-4) - (-5)/20 a composite number?
True
Let b be 4/(-2) - (111 - -2). Let p = 11 - -181. Let m = p + b. Is m prime?
False
Suppose y = -7*a + 2*a + 17206, -17222 = -5*a + 3*y. Is a a composite number?
True
Suppose 0 = -5*g - 0*j - 2*j - 30, -2*j = 0. Is g/(5/(2685/(-6))*1) a composite number?
True
Let t(d) = -350*d + 467. Is t(-61) prime?
True
Let r = 27 + -25. Is -1 + 2 - (-3516)/r prime?
True
Is (-6)/(38 - 2)*-115314 composite?
False
Let k(l) = 7*l**2 - 23*l - 77. Is k(-24) a prime number?
True
Suppose -2*q + 3 = -7. Suppose -4*v + 8*v = q*x + 1886, x - 467 = -v. Is v a composite number?
True
Suppose -p - 2*f = -1723, 2*f - 8609 = -5*p - 2*f. Is p a composite number?
False
Let n(d) = -2197*d - 216. Is n(-13) composite?
True
Suppose 6*l + 6*l - 11940 = 0. Is l/5 + (-4)/(-1) a composite number?
True
Let w(x) be the third derivative of -x**6/120 + 11*x**5/60 - x**4/24 + 7*x**3/6 + 7*x**2. Let h be w(6). Suppose h = 6*c - 209. Is c composite?
True
Suppose 200634 = 29*o - 204583. Is o prime?
False
Let h(q) = q + 6. Let l = -17 - -19. Let r(p) = p**2 + 2*p. Let c be r(l). Is h(c) a prime number?
False
Let z = 13639 - -5074. Is z prime?
True
Suppose -15*c - 34041 = -36*c. Is c composite?
False
Let z be 6 + -1 - (-2 + 4). Suppose -190 = -q + 4*d, 0 = z*d - 0*d + 15. Is (q/4)/(-5)*-10 composite?
True
Suppose 555 = t - 1262. Is t a prime number?
False
Suppose -4*m + 764 = 4*b, 0 = -16*m + 14*m + 5*b + 382. Is m a prime number?
True
Let v be ((-18)/5)/(3/(-200)). Let l(j) = -j**3 - j**2 - 8*j. Let b be l(-7). Suppose -4*s + 3*c = -c - v, -b = -5*s - 5*c. Is s a prime number?
False
Is (636/(-8))/((-9)/2154) a composite number?
True
Let y be (-4)/(((-12)/1120)/(9/6)). Let j = y + -141. Is j prime?
True
Suppose 16*b - 12 = 13*b. Suppose -4*p = b*a - 3336, -5978 + 1792 = -5*p - a. Is p composite?
True
Suppose j - 7746 = -1934. Let u = j + -3655. Is u a composite number?
True
Let q(p) = p**2 + 7*p + 6. Let o be q(-6). Suppose o = 8*s - 7*s - 290. Suppose -3*t = -s + 89. Is t composite?
False
Let t be ((-18874)/3)/((-4)/6). Let p = -6166 + t. Is p a prime number?
True
Suppose -4*g + 11579 = -l - 6341, -l + 4485 = g. Is g prime?
True
Let r(j) = 7*j**3 - 7*j**2 - 7*j - 5. Let v(k) = 6*k**3 + k - 6 + 2 - 8*k - 7*k**2. Let u(i) = 5*r(i) - 6*v(i). Is u(6) prime?
False
Let a = -30 + 42. Is 8/a*(-1842)/(-4) composite